{"id":140,"date":"2024-02-08T11:04:32","date_gmt":"2024-02-08T10:04:32","guid":{"rendered":"https:\/\/hofacker-webdesign.de\/projekte\/hwd\/?page_id=140"},"modified":"2024-02-08T11:10:40","modified_gmt":"2024-02-08T10:10:40","slug":"wordpress","status":"publish","type":"page","link":"https:\/\/hofacker-webdesign.de\/projekte\/hwd\/wordpress\/","title":{"rendered":"WordPress"},"content":{"rendered":"\t\t<div data-elementor-type=\"wp-page\" data-elementor-id=\"140\" class=\"elementor elementor-140\">\n\t\t\t\t\t\t<section class=\"elementor-section elementor-top-section elementor-element elementor-element-f3b3e2d elementor-section-content-middle elementor-section-boxed elementor-section-height-default elementor-section-height-default\" data-id=\"f3b3e2d\" data-element_type=\"section\" data-e-type=\"section\" data-settings=\"{&quot;background_background&quot;:&quot;classic&quot;}\">\n\t\t\t\t\t\t\t<div class=\"elementor-background-overlay\"><\/div>\n\t\t\t\t\t\t\t<div class=\"elementor-container elementor-column-gap-default\">\n\t\t\t\t\t<div class=\"elementor-column elementor-col-50 elementor-top-column elementor-element elementor-element-0f9303c\" data-id=\"0f9303c\" data-element_type=\"column\" data-e-type=\"column\">\n\t\t\t<div class=\"elementor-widget-wrap elementor-element-populated\">\n\t\t\t\t\t\t<div class=\"elementor-element elementor-element-50818b1 elementor-invisible elementor-widget elementor-widget-image\" data-id=\"50818b1\" data-element_type=\"widget\" data-e-type=\"widget\" data-settings=\"{&quot;_animation&quot;:&quot;fadeIn&quot;}\" data-widget_type=\"image.default\">\n\t\t\t\t<div class=\"elementor-widget-container\">\n\t\t\t\t\t\t\t\t\t\t\t\t\t\t\t<img fetchpriority=\"high\" decoding=\"async\" width=\"300\" height=\"186\" src=\"https:\/\/hofacker-webdesign.de\/wp-content\/uploads\/2024\/02\/Logo-Wordpress-300x186-1.png\" class=\"attachment-full size-full wp-image-143\" alt=\"\" \/>\t\t\t\t\t\t\t\t\t\t\t\t\t\t\t<\/div>\n\t\t\t\t<\/div>\n\t\t\t\t\t<\/div>\n\t\t<\/div>\n\t\t\t\t<div class=\"elementor-column elementor-col-50 elementor-top-column elementor-element elementor-element-0d9b491\" data-id=\"0d9b491\" data-element_type=\"column\" data-e-type=\"column\">\n\t\t\t<div class=\"elementor-widget-wrap elementor-element-populated\">\n\t\t\t\t\t\t<div class=\"elementor-element elementor-element-35de5f8 animated-fast elementor-icon-list--layout-traditional elementor-list-item-link-full_width elementor-invisible elementor-widget elementor-widget-icon-list\" data-id=\"35de5f8\" data-element_type=\"widget\" data-e-type=\"widget\" data-settings=\"{&quot;_animation&quot;:&quot;fadeInUp&quot;}\" data-widget_type=\"icon-list.default\">\n\t\t\t\t<div class=\"elementor-widget-container\">\n\t\t\t\t\t\t\t<ul class=\"elementor-icon-list-items\">\n\t\t\t\t\t\t\t<li class=\"elementor-icon-list-item\">\n\t\t\t\t\t\t\t\t\t\t\t<span class=\"elementor-icon-list-icon\">\n\t\t\t\t\t\t\t<svg aria-hidden=\"true\" class=\"e-font-icon-svg e-fas-square\" viewBox=\"0 0 448 512\" xmlns=\"http:\/\/www.w3.org\/2000\/svg\"><path d=\"M400 32H48C21.5 32 0 53.5 0 80v352c0 26.5 21.5 48 48 48h352c26.5 0 48-21.5 48-48V80c0-26.5-21.5-48-48-48z\"><\/path><\/svg>\t\t\t\t\t\t<\/span>\n\t\t\t\t\t\t\t\t\t\t<span class=\"elementor-icon-list-text\"><\/span>\n\t\t\t\t\t\t\t\t\t<\/li>\n\t\t\t\t\t\t<\/ul>\n\t\t\t\t\t\t<\/div>\n\t\t\t\t<\/div>\n\t\t\t\t<div class=\"elementor-element elementor-element-bdd9728 animated-fast elementor-invisible elementor-widget elementor-widget-text-editor\" data-id=\"bdd9728\" data-element_type=\"widget\" data-e-type=\"widget\" data-settings=\"{&quot;_animation&quot;:&quot;fadeInUp&quot;,&quot;_animation_delay&quot;:200}\" data-widget_type=\"text-editor.default\">\n\t\t\t\t<div class=\"elementor-widget-container\">\n\t\t\t\t\t\t\t\t\t<div data-id=\"d3b7ba0\" data-element_type=\"widget\" data-widget_type=\"text-editor.default\"><div><h3 class=\"item--title st-default\">Webdesign \u2013 Professionell, Responsive, Suchmaschinenoptimiert:<\/h3><\/div><\/div><div data-id=\"2185e63\" data-element_type=\"widget\" data-widget_type=\"ct_list.default\"><div>\u00a0<\/div><div><p>Ich bin spezialisiert auf die Erstellung von WordPress- und Joomla-Websites. Von der Unternehmenswebsite bis hin zum komplexen Informationsportal \u2013 Mein Fokus liegt auf Sicherheit, Benutzerfreundlichkeit und der Suchmaschinenoptimierung ab dem ersten Schritt zur neuen WordPress\/Joomla-Website.<\/p><\/div><\/div>\t\t\t\t\t\t\t\t<\/div>\n\t\t\t\t<\/div>\n\t\t\t\t<div class=\"elementor-element elementor-element-c33c485 elementor-widget elementor-widget-spacer\" data-id=\"c33c485\" data-element_type=\"widget\" data-e-type=\"widget\" data-widget_type=\"spacer.default\">\n\t\t\t\t<div class=\"elementor-widget-container\">\n\t\t\t\t\t\t\t<div class=\"elementor-spacer\">\n\t\t\t<div class=\"elementor-spacer-inner\"><\/div>\n\t\t<\/div>\n\t\t\t\t\t\t<\/div>\n\t\t\t\t<\/div>\n\t\t\t\t\t<\/div>\n\t\t<\/div>\n\t\t\t\t\t<\/div>\n\t\t<\/section>\n\t\t<div class=\"elementor-element elementor-element-6c22767 e-flex e-con-boxed e-con e-parent\" data-id=\"6c22767\" data-element_type=\"container\" data-e-type=\"container\">\n\t\t\t\t\t<div class=\"e-con-inner\">\n\t\t\t\t<div class=\"elementor-element elementor-element-fc88dd7 elementor-widget elementor-widget-text-editor\" data-id=\"fc88dd7\" data-element_type=\"widget\" data-e-type=\"widget\" data-widget_type=\"text-editor.default\">\n\t\t\t\t<div class=\"elementor-widget-container\">\n\t\t\t\t\t\t\t\t\t<p><strong>Sie sollten unbedingt weiterlesen<\/strong>, wenn<\/p><ul class=\"li-jongo check2\"><li>Sie noch keine Website besitzen.<\/li><li>Sie bereits eine Website besitzen, diese aber zu inflexibel, zu statisch, zu schwer zu pflegen oder sogar noch \u201eh\u00e4ndisch\u201c programmiert wurden ist.<\/li><li>Sie bereits eine Website besitzen, ein Content-Management-System (z.B. Typo3, Drupal, o.\u00e4.) daf\u00fcr einsetzen, die Handhabung Ihnen aber zu umst\u00e4ndlich ist.<\/li><li>Sie Ihre Inhalte auf der Website zwar nicht sehr h\u00e4ufig \u00e4ndern \u2013 Wenn dann aber sollte es einfach und schnell gehen, so einfach wie das Schreiben mit Word oder einem anderen Schreibprogramm.<\/li><li>Wenn Sie noch keine Website besitzen, Ihnen eine einfach zu pflegende Website ausreicht und die Kosten g\u00fcnstig sein sollen.<\/li><\/ul>\t\t\t\t\t\t\t\t<\/div>\n\t\t\t\t<\/div>\n\t\t\t\t\t<\/div>\n\t\t\t\t<\/div>\n\t\t\t\t<\/div>\n\t\t","protected":false},"excerpt":{"rendered":"<p>Webdesign \u2013 Professionell, Responsive, Suchmaschinenoptimiert: \u00a0 Ich bin spezialisiert auf die Erstellung von WordPress- und Joomla-Websites. Von der Unternehmenswebsite bis hin zum [&hellip;]<\/p>\n","protected":false},"author":1,"featured_media":0,"parent":0,"menu_order":0,"comment_status":"closed","ping_status":"closed","template":"","meta":{"footnotes":""},"class_list":["post-140","page","type-page","status-publish","hentry"],"_links":{"self":[{"href":"https:\/\/hofacker-webdesign.de\/projekte\/hwd\/wp-json\/wp\/v2\/pages\/140","targetHints":{"allow":["GET"]}}],"collection":[{"href":"https:\/\/hofacker-webdesign.de\/projekte\/hwd\/wp-json\/wp\/v2\/pages"}],"about":[{"href":"https:\/\/hofacker-webdesign.de\/projekte\/hwd\/wp-json\/wp\/v2\/types\/page"}],"author":[{"embeddable":true,"href":"https:\/\/hofacker-webdesign.de\/projekte\/hwd\/wp-json\/wp\/v2\/users\/1"}],"replies":[{"embeddable":true,"href":"https:\/\/hofacker-webdesign.de\/projekte\/hwd\/wp-json\/wp\/v2\/comments?post=140"}],"version-history":[{"count":4,"href":"https:\/\/hofacker-webdesign.de\/projekte\/hwd\/wp-json\/wp\/v2\/pages\/140\/revisions"}],"predecessor-version":[{"id":146,"href":"https:\/\/hofacker-webdesign.de\/projekte\/hwd\/wp-json\/wp\/v2\/pages\/140\/revisions\/146"}],"wp:attachment":[{"href":"https:\/\/hofacker-webdesign.de\/projekte\/hwd\/wp-json\/wp\/v2\/media?parent=140"}],"curies":[{"name":"wp","href":"https:\/\/api.w.org\/{rel}","templated":true}]}}